{"id":152,"date":"2019-01-17T22:22:01","date_gmt":"2019-01-17T22:22:01","guid":{"rendered":"http:\/\/www.terapierodiny.cz\/?page_id=152"},"modified":"2025-05-08T08:24:48","modified_gmt":"2025-05-08T08:24:48","slug":"parova_terapie","status":"publish","type":"page","link":"https:\/\/www.terapierodiny.cz\/index.php\/parova_terapie\/","title":{"rendered":"P\u00e1rov\u00e1 terapie"},"content":{"rendered":"<p>Pokud jste ve va\u0161em vztahu narazili na p\u0159ek\u00e1\u017eku, na kterou nesta\u010d\u00ed va\u0161e obvykl\u00e9 zp\u016fsoby \u0159e\u0161en\u00ed, je p\u00e1rov\u00e1 terapie \u010dasto nejefektivn\u011bj\u0161\u00ed zp\u016fsob, jak se s takovou situac\u00ed vypo\u0159\u00e1dat. P\u00e1rov\u00e1 terapie nebo p\u00e1rov\u00e9 poradenstv\u00ed je forma psycho- a socioterapeutick\u00e9 podpory, kterou poskytujeme partnersk\u00fdm dvojic\u00edm sezdan\u00fdm i nesezdan\u00fdm, heterosexu\u00e1ln\u00ed i homosexu\u00e1ln\u00edm. Na\u0161im c\u00edlem je poskytnout pomoc v krizov\u00fdch situac\u00edch, p\u0159i zvl\u00e1d\u00e1n\u00ed konflikt\u016f, i pomoc se zlep\u0161en\u00edm vz\u00e1jemn\u00e9ho souladu nebo se zaji\u0161t\u011bn\u00edm vz\u00e1jemn\u00e9ho porozum\u011bn\u00ed a uspokojov\u00e1n\u00ed pot\u0159eb obou partner\u016f ve vztahu. Nab\u00edz\u00edme pomoc s l\u00e9\u010den\u00edm poruch partnersk\u00e9ho sou\u017eit\u00ed i pomoc se z\u00e1m\u011brem zlep\u0161it kvalitu sou\u017eit\u00ed, komunikace nebo prohlouben\u00ed d\u016fv\u011bry. Zda va\u0161e partnerstv\u00ed pot\u0159ebuje sp\u00ed\u0161e poradenstv\u00ed, tedy prim\u00e1rn\u011b poskytnut\u00ed doporu\u010den\u00ed \u010di rady, nebo terapii, tedy proces, zam\u011b\u0159uj\u00edc\u00ed se na hlub\u0161\u00ed a trvalej\u0161\u00ed zm\u011bny, v\u011bt\u0161inou uk\u00e1\u017e\u00ed \u00favodn\u00ed setk\u00e1n\u00ed klientsk\u00e9ho p\u00e1ru s p\u00e1rem terapeut\u016f. P\u00e1rovou terapii poskytujeme jako terapeuti ve dvojici \u2013 v terapeutick\u00e9m p\u00e1ru. Pro vyv\u00e1\u017eenost mu\u017esk\u00e9ho a \u017eensk\u00e9ho pohledu na va\u0161i situaci se n\u00e1m pr\u00e1ce v p\u00e1ru osv\u011bd\u010dila. Pom\u00e1h\u00e1 vytvo\u0159it bezpe\u010dn\u00fd, podporuj\u00edc\u00ed a nesoud\u00edc\u00ed prostor, ve kter\u00e9m spolu mohou partne\u0159i sn\u00e1ze mluvit, vyjad\u0159ovat sv\u00e9 pot\u0159eby, pocity a p\u0159\u00e1n\u00ed.<\/p>\n<p>S \u010d\u00edm v\u00e1m m\u016f\u017eeme efektivn\u011b pomoci? Nej\u010dast\u011bji se na n\u00e1s obrac\u00ed klienti s t\u00e9maty a pot\u00ed\u017eemi tohoto typu:<\/p>\n<p><em>\u201eu\u017e si nerozum\u00edme, odcizujeme se, vytr\u00e1c\u00ed se n\u00e1klonost\u2026\u201c<\/em><\/p>\n<p><em>\u201eod na\u0161eho vztahu jsem \u010dekal\/a n\u011bco jin\u00e9ho\u2026\u201c<\/em><\/p>\n<p><em>\u201em\u00e1me ka\u017ed\u00fd jin\u00fd n\u00e1zor na v\u00fdchovu d\u011bt\u00ed\u2026\u201c<\/em><\/p>\n<p><em>\u201enem\u016f\u017eeme se shodnout, jak tr\u00e1vit voln\u00fd \u010das\u2026\u201c<\/em><\/p>\n<p><em>\u201eh\u00e1d\u00e1me se kv\u016fli pen\u011bz\u016fm\u2026kv\u016fli ka\u017ed\u00e9 mali\u010dkosti\u2026kv\u016fli v\u0161emu\u201c<\/em><\/p>\n<p><em>\u201enerozum\u00edme si v sexu, ka\u017ed\u00fd m\u00e1me jin\u00e9 p\u0159edstavy a pot\u0159eby sexu a erotiky\u2026\u201c<\/em><\/p>\n<p><em>\u201erodi\u010de se n\u00e1m pletou do \u017eivota\u2026\u201c<\/em><\/p>\n<p><em>\u201eneum\u00ed mi v\u016fbec naslouchat\u2026 \u0159\u00edk\u00e1m to futr dokola a nic\u2026\u201c<\/em><\/p>\n<p><em>\u201eparner\/ka m\u00e1 paraleln\u00ed vztah\u2026p\u0159i\u0161el\/a jsem mu\/j\u00ed na nev\u011bru\u2026\u201c<\/em><\/p>\n<p><em>\u201erozv\u00e1d\u00edme se\u2026chceme se rozej\u00edt jako slu\u0161n\u00ed lid\u00e9\u201c<\/em><\/p>\n<p><em>\u201erozv\u00e1d\u00edme se\u2026mysl\u00edm ale, \u017ee je to zbyte\u010dn\u00e9\u201c<\/em><\/p>\n<p><em>\u201ev na\u0161em vztahu je n\u00e1sil\u00ed (fyzick\u00e9\/psychick\u00e9)\u2026\u201c<\/em><\/p>\n<p><em>\u201epartner\/ka nesnesiteln\u011b \u017e\u00e1rl\u00ed\u2026j\u00e1 jsem \u017e\u00e1rliv\u00fd a komplikuje n\u00e1m to \u017eivot\u2026\u201c\u00a0<\/em><\/p>\n<p><em>\u201epartner\/ka je z\u00e1visl\u00fd\/\u00e1 na n\u00e1vykov\u00e9 l\u00e1tce\u2026\u201c<\/em><\/p>\n<p><em>\u201epl\u00e1nujeme patchworkovou rodinu a chceme p\u0159edej\u00edt zbyte\u010dn\u00fdm pot\u00ed\u017e\u00edm\u2026\u201c<\/em><\/p>\n<p>Na tom v\u0161em, a nejen na tom, je mo\u017en\u00e9 pracovat a vyladit partnersk\u00e9 sou\u017eit\u00ed tak, aby se oba partne\u0159i mohli ve vztahu c\u00edtit l\u00e9pe. K dobr\u00e9mu zah\u00e1jen\u00ed p\u00e1rov\u00e9 terapie sta\u010d\u00ed, \u017ee oba p\u0159ijdete. V \u0159ad\u011b p\u0159\u00edpad\u016f za\u010dne p\u00e1rov\u00e1 terapie i p\u0159\u00edchodem jen jednoho z partner\u016f, ten druh\u00fd se p\u0159id\u00e1, a\u017e najde odvahu a smysl spole\u010dn\u00e9 pr\u00e1ce na vztahu.\u00a0<\/p>\n<p><strong>Co m\u00e1m d\u011blat, kdy\u017e partner\/ka odm\u00edt\u00e1 terapeutick\u00e9 sezen\u00ed?<\/strong><\/p>\n<p>Jeden z partner\u016f m\u016f\u017ee odm\u00edtat terapii z r\u016fzn\u00fdch d\u016fvod\u016f (nechce se mu nic m\u011bnit, \u201edo soukrom\u00fdch v\u011bc\u00ed nikomu nic nen\u00ed\u201c, \u201enejsem p\u0159ece bl\u00e1zen\u201c apod.). Terapie zam\u011b\u0159en\u00e1 na vztah a jeho zm\u011bnu m\u016f\u017ee prob\u00edhat i jen s jedn\u00edm z partner\u016f. Plat\u00ed toti\u017e, \u017ee zm\u011bna u jednoho vyvol\u00e1 postupn\u011b zm\u011bnu i u druh\u00e9ho, p\u0159esto\u017ee ten se sezen\u00ed fyzicky ne\u00fa\u010dastn\u00ed. Nav\u00edc partnera m\u016f\u017eeme na sezen\u00ed \u201ezp\u0159\u00edtomnit\u201c symbolicky. Doporu\u010dujeme tedy i v p\u0159\u00edpad\u011b, \u017ee v danou chv\u00edli nejste jako partne\u0159i zajedno ve vyu\u017eit\u00ed p\u00e1rov\u00e9 terapie, odlo\u017eit obavu, naj\u00edt odvahu a do tohoto procesu vstoupit na po\u010d\u00e1tku samostatn\u011b.<\/p>\n<p><strong>Jak vypad\u00e1 prvn\u00ed setk\u00e1n\u00ed?<\/strong><\/p>\n<p>Telefonicky \u010di e-mailem si domluv\u00edme vhodn\u00fd term\u00edn a m\u00edsto setk\u00e1n\u00ed. P\u0159i prvn\u00edm setk\u00e1n\u00ed si vyjasn\u00edme va\u0161e o\u010dek\u00e1v\u00e1n\u00ed a pot\u0159eby, se kter\u00fdmi p\u0159ich\u00e1z\u00edte. My v\u00e1m objasn\u00edm mo\u017enosti a p\u0159\u00edstup ke spolupr\u00e1ci. Pak se m\u016f\u017eeme pustit do pr\u00e1ce. V z\u00e1v\u011bru setk\u00e1n\u00ed se dohodneme, jestli budete cht\u00edt pokra\u010dovat, v jak\u00e9 period\u011b, p\u0159\u00edpadn\u011b odhadneme d\u00e9lku spolupr\u00e1ce. N\u011bkdy je spolupr\u00e1ce \u010dast\u011bj\u0161\u00ed a intenzivn\u011bj\u0161\u00ed, v takov\u00e9m p\u0159\u00edpad\u011b je dobr\u00e1 praxe setk\u00e1vat se jednou za 2 a\u017e 3 t\u00fddny. Jindy se s p\u00e1rem setk\u00e1v\u00e1me v del\u0161\u00edch intervalech a klienti se sv\u00fdm t\u00e9mat\u016fm v\u011bnuj\u00ed v \u010dase mimo konzultace a na nich pak reflektujeme \u00fa\u010dinek a efekt pr\u00e1ce na vztahu. Tato forma m\u00e1 v\u00edce poradenskou podobu.<\/p>\n\n\n<div class=\"wp-block-buttons is-layout-flex wp-block-buttons-is-layout-flex\">\n<div class=\"wp-block-button\"><a class=\"wp-block-button__link wp-element-button\" href=\"https:\/\/www.terapierodiny.cz\/index.php\/kontakt\/\">Objednejte se k prvn\u00ed konzultaci<\/a><\/div>\n<\/div>\n","protected":false},"excerpt":{"rendered":"<p>Pokud jste ve va\u0161em vztahu narazili na p\u0159ek\u00e1\u017eku, na kterou nesta\u010d\u00ed va\u0161e obvykl\u00e9 zp\u016fsoby \u0159e\u0161en\u00ed, je p\u00e1rov\u00e1 terapie \u010dasto nejefektivn\u011bj\u0161\u00ed zp\u016fsob, jak se s takovou situac\u00ed vypo\u0159\u00e1dat. P\u00e1rov\u00e1 terapie nebo p\u00e1rov\u00e9 poradenstv\u00ed je forma psycho- a socioterapeutick\u00e9 podpory, kterou poskytujeme partnersk\u00fdm dvojic\u00edm sezdan\u00fdm i nesezdan\u00fdm, heterosexu\u00e1ln\u00ed i homosexu\u00e1ln\u00edm. Na\u0161im c\u00edlem je poskytnout pomoc v krizov\u00fdch [&hellip;]<\/p>\n","protected":false},"author":1,"featured_media":0,"parent":0,"menu_order":0,"comment_status":"closed","ping_status":"closed","template":"","meta":{"footnotes":""},"class_list":["post-152","page","type-page","status-publish","hentry"],"_links":{"self":[{"href":"https:\/\/www.terapierodiny.cz\/index.php\/wp-json\/wp\/v2\/pages\/152","targetHints":{"allow":["GET"]}}],"collection":[{"href":"https:\/\/www.terapierodiny.cz\/index.php\/wp-json\/wp\/v2\/pages"}],"about":[{"href":"https:\/\/www.terapierodiny.cz\/index.php\/wp-json\/wp\/v2\/types\/page"}],"author":[{"embeddable":true,"href":"https:\/\/www.terapierodiny.cz\/index.php\/wp-json\/wp\/v2\/users\/1"}],"replies":[{"embeddable":true,"href":"https:\/\/www.terapierodiny.cz\/index.php\/wp-json\/wp\/v2\/comments?post=152"}],"version-history":[{"count":10,"href":"https:\/\/www.terapierodiny.cz\/index.php\/wp-json\/wp\/v2\/pages\/152\/revisions"}],"predecessor-version":[{"id":460,"href":"https:\/\/www.terapierodiny.cz\/index.php\/wp-json\/wp\/v2\/pages\/152\/revisions\/460"}],"wp:attachment":[{"href":"https:\/\/www.terapierodiny.cz\/index.php\/wp-json\/wp\/v2\/media?parent=152"}],"curies":[{"name":"wp","href":"https:\/\/api.w.org\/{rel}","templated":true}]}}