{"id":177,"date":"2019-06-25T09:18:23","date_gmt":"2019-06-25T09:18:23","guid":{"rendered":"http:\/\/www.terapierodiny.cz\/?page_id=177"},"modified":"2025-05-01T11:38:53","modified_gmt":"2025-05-01T11:38:53","slug":"gdpr","status":"publish","type":"page","link":"https:\/\/www.terapierodiny.cz\/index.php\/gdpr\/","title":{"rendered":"GDPR"},"content":{"rendered":"<p><strong>Ochrana osobn\u00edch \u00fadaj\u016f klient\u016f<\/strong><br \/>\nP\u0159i organizaci a provozov\u00e1n\u00ed na\u0161\u00ed pr\u00e1ce V\u00e1s \u017e\u00e1d\u00e1me o Va\u0161e osobn\u00ed \u00fadaje a t\u00edmto se hl\u00e1s\u00edme k zodpov\u011bdnosti za jejich ochranu a zabezpe\u010den\u00ed. A to jak z pohledu etiky na\u0161\u00ed pr\u00e1ce \u2013 etick\u00e9ho kodexu, tak z pohledu z\u00e1sad a pr\u00e1v, stanoven\u00fdch \u010dl\u00e1nkem 13 na\u0159\u00edzen\u00ed Evropsk\u00e9ho parlamentu a Rady (EU) 2016\/679 o ochran\u011b fyzick\u00fdch osob v souvislosti se zpracov\u00e1n\u00edm osobn\u00edch \u00fadaj\u016f a voln\u00e9m pohybu t\u011bchto \u00fadaj\u016f a o zru\u0161en\u00ed sm\u011brnice 95\/46\/ES (d\u00e1le se v textu na toto na\u0159\u00edzen\u00ed odvol\u00e1v\u00e1me zkratkou \u201eGDPR&#8220;). Spr\u00e1vce Va\u0161ich osobn\u00edch \u00fadaj\u016f je Mgr. Ing. Pavel Pelik\u00e1n, I\u010c: 04029364, s\u00eddlo V Nov\u00e9 Vsi 968\/1, 158 00, Praha \u2013 Jinonice (d\u00e1le jen \u201espr\u00e1vce\u201c). Na\u0159\u00edzen\u00ed GDPR V\u00e1m p\u0159izn\u00e1v\u00e1 \u0159adu pr\u00e1v, ty m\u016f\u017eete u spr\u00e1vce p\u00edsemn\u011b po\u0161tou, p\u0159i osobn\u00edm jedn\u00e1n\u00ed, telefonicky na \u010d\u00edsle +420 602 368 586 anebo elektronicky formou e-mailu na adresu info@terapierodiny.cz.<\/p>\n<p><strong>Prohl\u00e1\u0161en\u00ed<\/strong><br \/>\nJako spr\u00e1vce Va\u0161ich osobn\u00edch \u00fadaj\u016f spl\u0148uji ve\u0161ker\u00e9 z\u00e1konn\u00e9 povinnosti vy\u017eadovan\u00e9 platnou legislativou (z\u00e1konem o ochran\u011b osobn\u00edch \u00fadaj\u016f a \u201eGDPR&#8220;). Spravuji Va\u0161e osobn\u00ed \u00fadaje jen na z\u00e1klad\u011b platn\u00e9ho pr\u00e1vn\u00edho d\u016fvodu, Va\u0161ich opr\u00e1vn\u011bn\u00fdch z\u00e1jm\u016f, pln\u011bn\u00ed smluv, z\u00e1konn\u00fdch povinnost\u00ed \u010di ud\u011blen\u00e9ho souhlasu. Pln\u00edm dle \u010dl\u00e1nku 13 \u201eGDPR\u201c informa\u010dn\u00ed povinnost je\u0161t\u011b p\u0159ed zah\u00e1jen\u00edm zpracov\u00e1n\u00ed osobn\u00edch \u00fadaj\u016f a umo\u017en\u00edm V\u00e1m uplat\u0148ovat Va\u0161e pr\u00e1va podle z\u00e1kona o ochran\u011b osobn\u00edch \u00fadaj\u016f a \u201eGDPR&#8220;.<\/p>\n<p><strong>Rozsah a \u00fa\u010del zpracov\u00e1n\u00ed osobn\u00edch \u00fadaj\u016f<\/strong><br \/>\nZpracov\u00e1n\u00ed osobn\u00edch \u00fadaj\u016f je z\u00e1konn\u00fdm po\u017eadavkem nutn\u00fdm k poskytov\u00e1n\u00ed na\u0161ich slu\u017eeb. Va\u0161e osobn\u00ed \u00fadaje uchov\u00e1v\u00e1me v nezbytn\u00e9m rozsahu: jm\u00e9no a p\u0159\u00edjmen\u00ed, e-mail, telefonn\u00ed \u010d\u00edslo a to pro p\u0159\u00edpady organizace term\u00edn\u016f na\u0161ich setk\u00e1v\u00e1n\u00ed. Pouze na z\u00e1klad\u011b Va\u0161eho v\u00fdslovn\u00e9ho souhlasu m\u016f\u017eeme vyu\u017e\u00edt Va\u0161e fotografie, audio a videoz\u00e1znam, Va\u0161e reference o na\u0161\u00ed pr\u00e1ci apod., a to do doby, kdy tento souhlas odvol\u00e1te. Va\u0161e osobn\u00ed \u00fadaje uchov\u00e1v\u00e1me jen po nezbytn\u011b dlouhou dobu, po dobu z\u00e1kony stanoven\u00e9 nebo po dobu dohodnutou s V\u00e1mi.<\/p>\n<p><strong>Zabezpe\u010den\u00ed a ochrana osobn\u00edch \u00fadaj\u016f<\/strong><br \/>\nOchranu Va\u0161ich osobn\u00edch \u00fadaj\u016f zaji\u0161\u0165ujeme pomoc\u00ed zabezpe\u010den\u00fdch IT technologi\u00ed, jsou uzam\u010den\u00e9 a chr\u00e1n\u011bn\u00ed i pomoc\u00ed organiza\u010dn\u00edch opat\u0159en\u00ed. P\u0159\u00edstup k dat\u016fm m\u00e1me jen my, v r\u00e1mci na\u0161\u00ed pr\u00e1ce.<\/p>\n<p><strong>P\u0159ed\u00e1v\u00e1n\u00ed osobn\u00edch \u00fadaj\u016f<\/strong><br \/>\nPodle pr\u00e1vn\u00edch p\u0159edpis\u016f mohou b\u00fdt Va\u0161e osobn\u00ed \u00fadaje sd\u011bleny jin\u00fdm subjekt\u016fm jen po Va\u0161em p\u0159edchoz\u00edm souhlasu. V jin\u00e9m p\u0159\u00edpad\u011b nep\u0159ed\u00e1me Va\u0161e osobn\u00ed \u00fadaje jin\u00fdm fyzick\u00fdm ani pr\u00e1vn\u00edm osob\u00e1m.<\/p>\n<p><strong>Va\u0161e pr\u00e1va v souvislosti s ochranou osobn\u00edch \u00fadaj\u016f<\/strong><br \/>\nVa\u0161e pr\u00e1vo b\u00fdt informov\u00e1n o nakl\u00e1d\u00e1n\u00ed s Va\u0161imi daty pln\u00ed toto prohl\u00e1\u0161en\u00ed. D\u00e1le n\u00e1s m\u016f\u017eete po\u017e\u00e1dat o kopie v\u0161ech osobn\u00edch \u00fadaj\u016f, kter\u00e9 o V\u00e1s zpracov\u00e1v\u00e1me. Na Va\u0161i \u017e\u00e1dost zpracov\u00e1van\u00e1 data uprav\u00edme, p\u0159\u00edpadn\u011b na z\u00e1klad\u011b Va\u0161eho po\u017eadavku Va\u0161e osobn\u00ed \u00fadaje zpracov\u00e1vat nebudeme a m\u016f\u017eete \u017e\u00e1dat smaz\u00e1n\u00ed Va\u0161ich osobn\u00edch \u00fadaj\u016f. Pokud nebudete s na\u0161\u00ed formou zpracov\u00e1n\u00ed Va\u0161ich osobn\u00edch dat spokojeni, m\u016f\u017eete se obr\u00e1tit se na \u00da\u0159ad pro ochranu osobn\u00ed \u00fadaj\u016f. V\u00e1mi ji\u017e vydan\u00fd souhlas se zpracov\u00e1v\u00e1n\u00edm Va\u0161ich osobn\u00edch dat m\u016f\u017eete kdykoli odvolat, m\u016f\u017eete omezit rozsah osobn\u00edch \u00fadaj\u016f nebo \u00fa\u010del jejich zpracov\u00e1n\u00ed.<\/p>\n<p style=\"text-align: center;\">=================<\/p>\n<p>V na\u0161em terapeutick\u00e9m prostoru jsou ve\u0161ker\u00e1 sd\u011blen\u00ed d\u016fv\u011brn\u00e1 a jsme v\u00e1z\u00e1ni profesn\u00ed ml\u010denlivost\u00ed. \u017d\u00e1dn\u00e9 informace o V\u00e1s nikomu nesd\u011blujeme. V p\u0159\u00edpad\u011b Va\u0161eho po\u017eadavku, lze vystavit potvrzen\u00ed, \u017ee do terapie doch\u00e1z\u00edte. Nicm\u00e9n\u011b o V\u00e1s nevedeme z\u00e1znamy, jako tomu je ve zdravotnictv\u00ed, pouze vlastn\u00ed anonymizovan\u00e9 pozn\u00e1mky.<br class=\"wixui-rich-text__text\" \/>V\u00fdjimkou jsou situace, kdy by klient ohro\u017eoval na \u017eivot\u011b s\u00e1m sebe nebo druh\u00e9, a d\u00e1le situac\u00ed, kdy je ze z\u00e1kona stanovena ohla\u0161ovac\u00ed povinnost u vymezen\u00fdch trestn\u00fdch<span class=\"wixui-rich-text__text\">\u00a0<\/span>\u010din\u016f.<\/p>\n","protected":false},"excerpt":{"rendered":"<p>Ochrana osobn\u00edch \u00fadaj\u016f klient\u016f P\u0159i organizaci a provozov\u00e1n\u00ed na\u0161\u00ed pr\u00e1ce V\u00e1s \u017e\u00e1d\u00e1me o Va\u0161e osobn\u00ed \u00fadaje a t\u00edmto se hl\u00e1s\u00edme k zodpov\u011bdnosti za jejich ochranu a zabezpe\u010den\u00ed. A to jak z pohledu etiky na\u0161\u00ed pr\u00e1ce \u2013 etick\u00e9ho kodexu, tak z pohledu z\u00e1sad a pr\u00e1v, stanoven\u00fdch \u010dl\u00e1nkem 13 na\u0159\u00edzen\u00ed Evropsk\u00e9ho parlamentu a Rady (EU) 2016\/679 o [&hellip;]<\/p>\n","protected":false},"author":1,"featured_media":0,"parent":0,"menu_order":0,"comment_status":"closed","ping_status":"closed","template":"","meta":{"footnotes":""},"class_list":["post-177","page","type-page","status-publish","hentry"],"_links":{"self":[{"href":"https:\/\/www.terapierodiny.cz\/index.php\/wp-json\/wp\/v2\/pages\/177","targetHints":{"allow":["GET"]}}],"collection":[{"href":"https:\/\/www.terapierodiny.cz\/index.php\/wp-json\/wp\/v2\/pages"}],"about":[{"href":"https:\/\/www.terapierodiny.cz\/index.php\/wp-json\/wp\/v2\/types\/page"}],"author":[{"embeddable":true,"href":"https:\/\/www.terapierodiny.cz\/index.php\/wp-json\/wp\/v2\/users\/1"}],"replies":[{"embeddable":true,"href":"https:\/\/www.terapierodiny.cz\/index.php\/wp-json\/wp\/v2\/comments?post=177"}],"version-history":[{"count":3,"href":"https:\/\/www.terapierodiny.cz\/index.php\/wp-json\/wp\/v2\/pages\/177\/revisions"}],"predecessor-version":[{"id":289,"href":"https:\/\/www.terapierodiny.cz\/index.php\/wp-json\/wp\/v2\/pages\/177\/revisions\/289"}],"wp:attachment":[{"href":"https:\/\/www.terapierodiny.cz\/index.php\/wp-json\/wp\/v2\/media?parent=177"}],"curies":[{"name":"wp","href":"https:\/\/api.w.org\/{rel}","templated":true}]}}

<p><strong>Ochrana osobních údajů klientů</strong><br />
Při organizaci a provozování naší práce Vás žádáme o Vaše osobní údaje a tímto se hlásíme k zodpovědnosti za jejich ochranu a zabezpečení. A to jak z pohledu etiky naší práce – etického kodexu, tak z pohledu zásad a práv, stanovených článkem 13 nařízení Evropského parlamentu a Rady (EU) 2016/679 o ochraně fyzických osob v souvislosti se zpracováním osobních údajů a volném pohybu těchto údajů a o zrušení směrnice 95/46/ES (dále se v textu na toto nařízení odvoláváme zkratkou „GDPR&#8220;). Správce Vašich osobních údajů je Mgr. Ing. Pavel Pelikán, IČ: 04029364, sídlo V Nové Vsi 968/1, 158 00, Praha – Jinonice (dále jen „správce“). Nařízení GDPR Vám přiznává řadu práv, ty můžete u správce písemně poštou, při osobním jednání, telefonicky na čísle +420 602 368 586 anebo elektronicky formou e-mailu na adresu info@terapierodiny.cz.</p>
<p><strong>Prohlášení</strong><br />
Jako správce Vašich osobních údajů splňuji veškeré zákonné povinnosti vyžadované platnou legislativou (zákonem o ochraně osobních údajů a „GDPR&#8220;). Spravuji Vaše osobní údaje jen na základě platného právního důvodu, Vašich oprávněných zájmů, plnění smluv, zákonných povinností či uděleného souhlasu. Plním dle článku 13 „GDPR“ informační povinnost ještě před zahájením zpracování osobních údajů a umožním Vám uplatňovat Vaše práva podle zákona o ochraně osobních údajů a „GDPR&#8220;.</p>
<p><strong>Rozsah a účel zpracování osobních údajů</strong><br />
Zpracování osobních údajů je zákonným požadavkem nutným k poskytování našich služeb. Vaše osobní údaje uchováváme v nezbytném rozsahu: jméno a příjmení, e-mail, telefonní číslo a to pro případy organizace termínů našich setkávání. Pouze na základě Vašeho výslovného souhlasu můžeme využít Vaše fotografie, audio a videozáznam, Vaše reference o naší práci apod., a to do doby, kdy tento souhlas odvoláte. Vaše osobní údaje uchováváme jen po nezbytně dlouhou dobu, po dobu zákony stanovené nebo po dobu dohodnutou s Vámi.</p>
<p><strong>Zabezpečení a ochrana osobních údajů</strong><br />
Ochranu Vašich osobních údajů zajišťujeme pomocí zabezpečených IT technologií, jsou uzamčené a chránění i pomocí organizačních opatření. Přístup k datům máme jen my, v rámci naší práce.</p>
<p><strong>Předávání osobních údajů</strong><br />
Podle právních předpisů mohou být Vaše osobní údaje sděleny jiným subjektům jen po Vašem předchozím souhlasu. V jiném případě nepředáme Vaše osobní údaje jiným fyzickým ani právním osobám.</p>
<p><strong>Vaše práva v souvislosti s ochranou osobních údajů</strong><br />
Vaše právo být informován o nakládání s Vašimi daty plní toto prohlášení. Dále nás můžete požádat o kopie všech osobních údajů, které o Vás zpracováváme. Na Vaši žádost zpracovávaná data upravíme, případně na základě Vašeho požadavku Vaše osobní údaje zpracovávat nebudeme a můžete žádat smazání Vašich osobních údajů. Pokud nebudete s naší formou zpracování Vašich osobních dat spokojeni, můžete se obrátit se na Úřad pro ochranu osobní údajů. Vámi již vydaný souhlas se zpracováváním Vašich osobních dat můžete kdykoli odvolat, můžete omezit rozsah osobních údajů nebo účel jejich zpracování.</p>
<p style="text-align: center;">=================</p>
<p>V našem terapeutickém prostoru jsou veškerá sdělení důvěrná a jsme vázáni profesní mlčenlivostí. Žádné informace o Vás nikomu nesdělujeme. V případě Vašeho požadavku, lze vystavit potvrzení, že do terapie docházíte. Nicméně o Vás nevedeme záznamy, jako tomu je ve zdravotnictví, pouze vlastní anonymizované poznámky.<br class="wixui-rich-text__text" />Výjimkou jsou situace, kdy by klient ohrožoval na životě sám sebe nebo druhé, a dále situací, kdy je ze zákona stanovena ohlašovací povinnost u vymezených trestných<span class="wixui-rich-text__text"> </span>činů.</p>

<p>Ochrana osobních údajů klientů Při organizaci a provozování naší práce Vás žádáme o Vaše osobní údaje a tímto se hlásíme k zodpovědnosti za jejich ochranu a zabezpečení. A to jak z pohledu etiky naší práce – etického kodexu, tak z pohledu zásad a práv, stanovených článkem 13 nařízení Evropského parlamentu a Rady (EU) 2016/679 o [&hellip;]</p>
