{"id":306,"date":"2025-05-01T18:39:53","date_gmt":"2025-05-01T18:39:53","guid":{"rendered":"https:\/\/www.terapierodiny.cz\/?page_id=306"},"modified":"2026-02-11T13:57:09","modified_gmt":"2026-02-11T13:57:09","slug":"mgr-ing-pavel-pelikan","status":"publish","type":"page","link":"https:\/\/www.terapierodiny.cz\/index.php\/mgr-ing-pavel-pelikan\/","title":{"rendered":"Mgr. Ing. Pavel Pelik\u00e1n"},"content":{"rendered":"\n<h4 class=\"wp-block-heading\">Rodinn\u00fd, p\u00e1rov\u00fd a individu\u00e1ln\u00ed psychoterapeut a lektor.<\/h4>\n\n\n\n<figure class=\"wp-block-image alignright size-full is-resized\"><img loading=\"lazy\" decoding=\"async\" width=\"490\" height=\"750\" src=\"https:\/\/www.terapierodiny.cz\/wp-content\/uploads\/2025\/05\/Pavel_Pelikan_psychoterapeut_2.jpg\" alt=\"\" class=\"wp-image-330\" style=\"width:204px;height:auto\" srcset=\"https:\/\/www.terapierodiny.cz\/wp-content\/uploads\/2025\/05\/Pavel_Pelikan_psychoterapeut_2.jpg 490w, https:\/\/www.terapierodiny.cz\/wp-content\/uploads\/2025\/05\/Pavel_Pelikan_psychoterapeut_2-196x300.jpg 196w\" sizes=\"auto, (max-width: 490px) 100vw, 490px\" \/><\/figure>\n\n\n\n<p>Pracuji jako psychoterapeut&nbsp;v individu\u00e1ln\u00ed, p\u00e1rov\u00e9 a rodinn\u00e9 terapie. V\u011bnuji se ot\u00e1zk\u00e1m zkvalitn\u011bn\u00ed \u017eivota v rodin\u011b, ot\u00e1zk\u00e1m d\u011btsk\u00e9ho \u017eivota a podstatn\u00fd pod\u00edl v m\u00e9m profesn\u00edm zam\u011b\u0159en\u00ed&nbsp;je psychosomatick\u00e1 t\u00e9matika.&nbsp;Psychoterapii se v\u011bnuji v soukrom\u00e9 praxi a ve zdravotn\u00edm za\u0159\u00edzen\u00ed <a href=\"https:\/\/www.psychosomatika-praha.cz\/\">Tulsia clinic<\/a>. Terapeutickou \u010dinnost dopl\u0148uje kou\u010dink osobn\u00edch, profesn\u00edch a firemn\u00edch t\u00e9mat a d\u00e1le se se mnou m\u016f\u017eete setkat i p\u0159i v\u00fduce a lektorsk\u00e9 pr\u00e1ci. Svou pr\u00e1ci za\u0161ti\u0165uji pravidelnou superviz\u00ed a \u010dlenstv\u00edm v profesn\u00edch organizac\u00edch <a href=\"https:\/\/www.soft-zs.cz\/\">SOFT<\/a> (Spole\u010dnost rodinn\u00fdch a systemick\u00fdch terapeut\u016f), <a href=\"https:\/\/czap.cz\/\">\u010cAP<\/a> (\u010cesk\u00e1 asociace pro psychoterapii) a <a href=\"https:\/\/www.psychosomatika-cls.cz\/\">Spole\u010dnost psychosomatick\u00e9 medic\u00edny \u010cLS JEP<\/a>, s jejich\u017e principy jsem v souladu a akceptuji jejich etick\u00e9 kodexy pro psychoterapeutickou pr\u00e1ci.<\/p>\n\n\n\n<figure class=\"wp-block-image aligncenter size-large is-resized\"><img loading=\"lazy\" decoding=\"async\" width=\"1024\" height=\"326\" src=\"https:\/\/www.terapierodiny.cz\/wp-content\/uploads\/2025\/05\/loga-1024x326.jpg\" alt=\"\" class=\"wp-image-465\" style=\"width:347px;height:auto\" srcset=\"https:\/\/www.terapierodiny.cz\/wp-content\/uploads\/2025\/05\/loga-1024x326.jpg 1024w, https:\/\/www.terapierodiny.cz\/wp-content\/uploads\/2025\/05\/loga-300x95.jpg 300w, https:\/\/www.terapierodiny.cz\/wp-content\/uploads\/2025\/05\/loga-768x244.jpg 768w, https:\/\/www.terapierodiny.cz\/wp-content\/uploads\/2025\/05\/loga-1536x489.jpg 1536w, https:\/\/www.terapierodiny.cz\/wp-content\/uploads\/2025\/05\/loga.jpg 1571w\" sizes=\"auto, (max-width: 1024px) 100vw, 1024px\" \/><\/figure>\n\n\n\n<p>V\u011b\u0159\u00edm, \u017ee zm\u011bna v lidsk\u00e9m \u017eivot\u011b je v\u017edy mo\u017en\u00e1. Kdy\u017e je vn\u011bj\u0161\u00ed mo\u017enost zm\u011bny omezen\u00e1, m\u00e1me k dispozici je\u0161t\u011b tu vnit\u0159n\u00ed. V\u011b\u0159\u00edm, \u017ee k realizaci zm\u011bn m\u00e1me v\u0161ichni sv\u00e9 vlastn\u00ed jedine\u010dn\u00e9 zdroje, r\u00e1di je objevujeme a r\u00e1di je i n\u00e1sledn\u011b pou\u017e\u00edv\u00e1me. V\u011b\u0159\u00edm, \u017ee probl\u00e9mem nen\u00ed probl\u00e9m s\u00e1m o sob\u011b, ale to, jak\u00fdm zp\u016fsobem ho zvl\u00e1d\u00e1me. V\u011b\u0159\u00edm, \u017ee vysok\u00e1 shoda mezi na\u0161\u00edm vztahem k druh\u00fdm a na\u0161\u00edm sebepojet\u00edm, stejn\u011b jako vysok\u00e1 sebe\u00facta, je cesta ke zdrav\u00e9mu \u017eivotu a ke zdrav\u00fdm vztah\u016fm.<\/p>\n\n\n\n<p>M\u016fj p\u0159\u00edstup k psychoterapii je eklektick\u00fd, r\u00e1d integruji p\u0159i sv\u00e9 pr\u00e1ci poznatky a postupy z r\u016fzn\u00fdch sm\u011br\u016f a \u0161kol psychoterapie, kter\u00e9 si vz\u00e1jemn\u011b neodporuj\u00ed a naopak se ve prosp\u011bch klienta podporuj\u00ed. Hodnotou pak nen\u00ed paradigma odborn\u00e9 doktr\u00edny, ale p\u0159\u00ednos pro klienta v jeho procesu zm\u011bny. Nezap\u0159u sv\u00e9 vzory tohoto p\u0159\u00edstupu, mezi kter\u00e9 pat\u0159\u00ed Irvin David Yalom, Virginie Satirov\u00e1, a z dom\u00e1c\u00edch pak kolektiv z <a href=\"https:\/\/www.anima-terapie.cz\/\">Anima terapie z.\u00fa.<\/a> a <a href=\"https:\/\/www.lirtaps.cz\/\">LIRTAPS,o.p.s.<\/a><\/p>\n\n\n\n<h5 class=\"wp-block-heading\">PRAXE<\/h5>\n\n\n\n<p><strong>Soukrom\u00e1 ambulance:&nbsp;<\/strong>Praha 6, B\u011blohorsk\u00e1 188\/157, 169 00 \u2013 zde se se mnou m\u016f\u017eete setkat p\u0159i individu\u00e1ln\u00ed, p\u00e1rov\u00e9 i rodinn\u00e9 terapii s dosp\u011bl\u00fdmi, adolescenty i d\u011btmi, zam\u011b\u0159en\u00e9 jak na psychosomatick\u00e9, tak psychick\u00e9, pracovn\u00ed, vztahov\u00e9 i jin\u00e9 ot\u00e1zky. Soukromou praxi provozuji od roku 2014. Budova&nbsp;<a href=\"http:\/\/www.monse.cz\/\">MONSE, spol. s r.o.<\/a><\/p>\n\n\n\n<p><strong>Tulsia clinic:<\/strong>&nbsp;Na Petynce 151\/90, Praha 6 \u2013 St\u0159e\u0161ovice, 169 00 \u2013 v <a href=\"https:\/\/www.psychosomatika-praha.cz\/\">Tulsia clinic<\/a> pracuji jako rodinn\u00fd, p\u00e1rov\u00fd i individu\u00e1ln\u00ed terapeut, pom\u00e1h\u00e1m klient\u016fm a pacient\u016fm naj\u00edt \u0159e\u0161en\u00ed jejich psychosomatick\u00fdm, psychick\u00fdch, vztahov\u00fdch, v\u00fdchovn\u00fdch situac\u00ed, pom\u00e1h\u00e1m klient\u016fv v oblasti osobn\u00edho r\u016fstu, komunika\u010dn\u00edch dovednost\u00ed, p\u00e9\u010de o svou sebehodnotu, sebe\u00factu a pod. V tomto za\u0159\u00edzen\u00ed jsem od roku 2024.<\/p>\n\n\n\n<p><strong>OSTROV RODINY z.s.<\/strong>: Zde p\u016fsob\u00edm jako lektor psychoterapeutick\u00e9ho <a href=\"https:\/\/www.ostrovrodiny.cz\/education\/training\">v\u00fdcviku V\u00e1\u017eka<\/a>, ten p\u0159ipravuje psychoterapeuty na pr\u00e1ci s klienty v Modelu r\u016fstu podle V. Satirov\u00e9.<\/p>\n\n\n\n<p><strong>SOULMIO:<\/strong>&nbsp;V <a href=\"https:\/\/www.soulmio.com\/\">Soulmio s.r.o.<\/a> pracuji jako psychoterapeut, od roku 2020 a\u017e dosud, se zam\u011b\u0159en\u00edm na podporu psychick\u00e9 pohody zam\u011bstnanc\u016f firem, kter\u00e9 investuj\u00ed do zdrav\u00ed sv\u00fdch zam\u011bstnanc\u016f k udr\u017een\u00ed zdrav\u00e9ho well-beingu.<\/p>\n\n\n\n<p><strong>Hn\u00edzdo zdrav\u00ed s.r.o.:<\/strong>&nbsp;V tomto zdravotnick\u00e9m za\u0159\u00edzen\u00ed jsem pracoval v letech 2015 a\u017e 2023. Na za\u010d\u00e1tku roku 2024 p\u0159e\u0161lo Hn\u00edzdo zdrav\u00ed pod s\u00ed\u0165 psychosomatick\u00fdch pracovi\u0161\u0165 Tulsia clinic.<\/p>\n\n\n\n<p><strong>AMOS \u2013 KamPoMaturite.cz, s.r.o.:\u00a0\u00a0<\/strong>Dukelsk\u00fdch hrdin\u016f 21, Praha 7, je vzd\u011bl\u00e1vac\u00ed a poradensk\u00e1 agentura, p\u0159ipravuj\u00edc\u00ed studenty ke studiu na vysok\u00fdch \u0161kol\u00e1ch. Zde v letech 2015 a\u017e 2025 jsem vyu\u010doval studenty se z\u00e1jmem o psychologii, a p\u0159ipravoval je na V\u0160 p\u0159ij\u00edmac\u00ed zkou\u0161ky.<\/p>\n\n\n\n<p><\/p>\n\n\n\n<p><\/p>\n\n\n\n<p>VZD\u011aL\u00c1N\u00cd<\/p>\n\n\n\n<ul class=\"wp-block-list\">\n<li><strong>Soci\u00e1ln\u00ed pr\u00e1ce se zam\u011b\u0159en\u00edm na komunikaci a aplikovanou psychoterapii&nbsp;<\/strong>&nbsp;(magistersk\u00e9 studium na&nbsp;<a href=\"http:\/\/www.pvsps.cz\/\">Pra\u017esk\u00e9 vysok\u00e9 \u0161kole psychosoci\u00e1ln\u00edch studi\u00ed<\/a>)<\/li>\n\n\n\n<li><strong>Biokybernetika<\/strong>&nbsp; (in\u017een\u00fdrsk\u00e9 studium na&nbsp;<a href=\"https:\/\/www.cvut.cz\/\">\u010cVUT Praha<\/a>)<\/li>\n<\/ul>\n\n\n\n<p>DAL\u0160\u00cd ODBORN\u00c1 PR\u016ePRAVA<\/p>\n\n\n\n<ul class=\"wp-block-list\">\n<li>Sebezku\u0161enostn\u00ed skupinov\u011b komunitn\u00ed v\u00fdcvik v PV\u0160PS (543 hodin)<\/li>\n\n\n\n<li>V\u00fdcvik v Transforma\u010dn\u00ed systemick\u00e9 terapii podle V. Satirov\u00e9 (740 hodin)<\/li>\n\n\n\n<li>V\u00fdcvik v psychodynamick\u00e9 psychoterapii (780 hodin)<\/li>\n\n\n\n<li>V\u00fdcvik v integrativn\u00ed rodinn\u00e9 a p\u00e1rov\u00e9 terapii (290 hodin)<\/li>\n\n\n\n<li>V\u00fdcviku d\u011btsk\u00e9ho poradenstv\u00ed v institutu INDEPT (600 hodin)<\/li>\n\n\n\n<li>Kou\u010dovac\u00ed v\u00fdcvik podle standardu ICF (96 hodin)<\/li>\n\n\n\n<li>V\u00fdcvik poradensk\u00fdch dovednost\u00ed v PV\u0160PS (50 hodin)<\/li>\n\n\n\n<li>Krizov\u00e1 intervence v PV\u0160PS (64 hodin)<\/li>\n\n\n\n<li>Daseinsanalytick\u00fd v\u00fdklad sn\u016f<\/li>\n\n\n\n<li>Nov\u00fd model l\u00e9\u010dby \u0161ikany (64 hodin, Dr. M. Kol\u00e1\u0159)<\/li>\n\n\n\n<li>Daseinanal\u00fdza v psychoterapii a poradenstv\u00ed<\/li>\n\n\n\n<li>Technika \u0159e\u010di a v\u00fdrazov\u00e1 hlediska mluven\u00e9ho projevu (MgA. M. Vydrov\u00e1)<\/li>\n\n\n\n<li>Z\u00e1klady existenci\u00e1ln\u00ed anal\u00fdzy, logoterapie a logodiagnostiky<\/li>\n\n\n\n<li>Lege artis postupy v&nbsp;komunitn\u00ed a skupinov\u00e9 psychoterapii<\/li>\n\n\n\n<li>Relaxace a autogenn\u00ed tr\u00e9nink<\/li>\n\n\n\n<li>Rekonstrukce rodiny podle V.Satirov\u00e9<\/li>\n<\/ul>\n\n\n\n<p>SUPERVIZE<\/p>\n\n\n\n<ul class=\"wp-block-list\">\n<li>pravideln\u00e1 supervize individu\u00e1ln\u00ed pr\u00e1ce s&nbsp;klienty u PhDr. Ji\u0159\u00edho Bro\u017ei a balintovsk\u00e1 skupina v Tulsia clinic<\/li>\n\n\n\n<li>pravideln\u00e1 supervize pro rodinnou a p\u00e1rovou terapie u Mgr. Zde\u0148ka Macka<\/li>\n\n\n\n<li>pravideln\u00e1 supervize pro d\u011btsk\u00e9 poradenstv\u00ed a psychoterapii Mgr. Dariny Fialov\u00e9<\/li>\n<\/ul>\n","protected":false},"excerpt":{"rendered":"<p>Rodinn\u00fd, p\u00e1rov\u00fd a individu\u00e1ln\u00ed psychoterapeut a lektor. Pracuji jako psychoterapeut&nbsp;v individu\u00e1ln\u00ed, p\u00e1rov\u00e9 a rodinn\u00e9 terapie. V\u011bnuji se ot\u00e1zk\u00e1m zkvalitn\u011bn\u00ed \u017eivota v rodin\u011b, ot\u00e1zk\u00e1m d\u011btsk\u00e9ho \u017eivota a podstatn\u00fd pod\u00edl v m\u00e9m profesn\u00edm zam\u011b\u0159en\u00ed&nbsp;je psychosomatick\u00e1 t\u00e9matika.&nbsp;Psychoterapii se v\u011bnuji v soukrom\u00e9 praxi a ve zdravotn\u00edm za\u0159\u00edzen\u00ed Tulsia clinic. Terapeutickou \u010dinnost dopl\u0148uje kou\u010dink osobn\u00edch, profesn\u00edch a firemn\u00edch t\u00e9mat a [&hellip;]<\/p>\n","protected":false},"author":1,"featured_media":0,"parent":0,"menu_order":0,"comment_status":"closed","ping_status":"closed","template":"","meta":{"footnotes":""},"class_list":["post-306","page","type-page","status-publish","hentry"],"_links":{"self":[{"href":"https:\/\/www.terapierodiny.cz\/index.php\/wp-json\/wp\/v2\/pages\/306","targetHints":{"allow":["GET"]}}],"collection":[{"href":"https:\/\/www.terapierodiny.cz\/index.php\/wp-json\/wp\/v2\/pages"}],"about":[{"href":"https:\/\/www.terapierodiny.cz\/index.php\/wp-json\/wp\/v2\/types\/page"}],"author":[{"embeddable":true,"href":"https:\/\/www.terapierodiny.cz\/index.php\/wp-json\/wp\/v2\/users\/1"}],"replies":[{"embeddable":true,"href":"https:\/\/www.terapierodiny.cz\/index.php\/wp-json\/wp\/v2\/comments?post=306"}],"version-history":[{"count":24,"href":"https:\/\/www.terapierodiny.cz\/index.php\/wp-json\/wp\/v2\/pages\/306\/revisions"}],"predecessor-version":[{"id":507,"href":"https:\/\/www.terapierodiny.cz\/index.php\/wp-json\/wp\/v2\/pages\/306\/revisions\/507"}],"wp:attachment":[{"href":"https:\/\/www.terapierodiny.cz\/index.php\/wp-json\/wp\/v2\/media?parent=306"}],"curies":[{"name":"wp","href":"https:\/\/api.w.org\/{rel}","templated":true}]}}

Mgr. Ing. Pavel Pelikán

<h4 class="wp-block-heading">Rodinný, párový a individuální psychoterapeut a lektor.</h4>



<figure class="wp-block-image alignright size-full is-resized"><img loading="lazy" decoding="async" width="490" height="750" src="https://www.terapierodiny.cz/wp-content/uploads/2025/05/Pavel_Pelikan_psychoterapeut_2.jpg" alt="" class="wp-image-330" style="width:204px;height:auto" srcset="https://www.terapierodiny.cz/wp-content/uploads/2025/05/Pavel_Pelikan_psychoterapeut_2.jpg 490w, https://www.terapierodiny.cz/wp-content/uploads/2025/05/Pavel_Pelikan_psychoterapeut_2-196x300.jpg 196w" sizes="auto, (max-width: 490px) 100vw, 490px" /></figure>



<p>Pracuji jako psychoterapeut&nbsp;v individuální, párové a rodinné terapie. Věnuji se otázkám zkvalitnění života v rodině, otázkám dětského života a podstatný podíl v mém profesním zaměření&nbsp;je psychosomatická tématika.&nbsp;Psychoterapii se věnuji v soukromé praxi a ve zdravotním zařízení <a href="https://www.psychosomatika-praha.cz/">Tulsia clinic</a>. Terapeutickou činnost doplňuje koučink osobních, profesních a firemních témat a dále se se mnou můžete setkat i při výuce a lektorské práci. Svou práci zaštiťuji pravidelnou supervizí a členstvím v profesních organizacích <a href="https://www.soft-zs.cz/">SOFT</a> (Společnost rodinných a systemických terapeutů), <a href="https://czap.cz/">ČAP</a> (Česká asociace pro psychoterapii) a <a href="https://www.psychosomatika-cls.cz/">Společnost psychosomatické medicíny ČLS JEP</a>, s jejichž principy jsem v souladu a akceptuji jejich etické kodexy pro psychoterapeutickou práci.</p>



<figure class="wp-block-image aligncenter size-large is-resized"><img loading="lazy" decoding="async" width="1024" height="326" src="https://www.terapierodiny.cz/wp-content/uploads/2025/05/loga-1024x326.jpg" alt="" class="wp-image-465" style="width:347px;height:auto" srcset="https://www.terapierodiny.cz/wp-content/uploads/2025/05/loga-1024x326.jpg 1024w, https://www.terapierodiny.cz/wp-content/uploads/2025/05/loga-300x95.jpg 300w, https://www.terapierodiny.cz/wp-content/uploads/2025/05/loga-768x244.jpg 768w, https://www.terapierodiny.cz/wp-content/uploads/2025/05/loga-1536x489.jpg 1536w, https://www.terapierodiny.cz/wp-content/uploads/2025/05/loga.jpg 1571w" sizes="auto, (max-width: 1024px) 100vw, 1024px" /></figure>



<p>Věřím, že změna v lidském životě je vždy možná. Když je vnější možnost změny omezená, máme k dispozici ještě tu vnitřní. Věřím, že k realizaci změn máme všichni své vlastní jedinečné zdroje, rádi je objevujeme a rádi je i následně používáme. Věřím, že problémem není problém sám o sobě, ale to, jakým způsobem ho zvládáme. Věřím, že vysoká shoda mezi naším vztahem k druhým a naším sebepojetím, stejně jako vysoká sebeúcta, je cesta ke zdravému životu a ke zdravým vztahům.</p>



<p>Můj přístup k psychoterapii je eklektický, rád integruji při své práci poznatky a postupy z různých směrů a škol psychoterapie, které si vzájemně neodporují a naopak se ve prospěch klienta podporují. Hodnotou pak není paradigma odborné doktríny, ale přínos pro klienta v jeho procesu změny. Nezapřu své vzory tohoto přístupu, mezi které patří Irvin David Yalom, Virginie Satirová, a z domácích pak kolektiv z <a href="https://www.anima-terapie.cz/">Anima terapie z.ú.</a> a <a href="https://www.lirtaps.cz/">LIRTAPS,o.p.s.</a></p>



<h5 class="wp-block-heading">PRAXE</h5>



<p><strong>Soukromá ambulance:&nbsp;</strong>Praha 6, Bělohorská 188/157, 169 00 – zde se se mnou můžete setkat při individuální, párové i rodinné terapii s dospělými, adolescenty i dětmi, zaměřené jak na psychosomatické, tak psychické, pracovní, vztahové i jiné otázky. Soukromou praxi provozuji od roku 2014. Budova&nbsp;<a href="http://www.monse.cz/">MONSE, spol. s r.o.</a></p>



<p><strong>Tulsia clinic:</strong>&nbsp;Na Petynce 151/90, Praha 6 – Střešovice, 169 00 – v <a href="https://www.psychosomatika-praha.cz/">Tulsia clinic</a> pracuji jako rodinný, párový i individuální terapeut, pomáhám klientům a pacientům najít řešení jejich psychosomatickým, psychických, vztahových, výchovných situací, pomáhám klientův v oblasti osobního růstu, komunikačních dovedností, péče o svou sebehodnotu, sebeúctu a pod. V tomto zařízení jsem od roku 2024.</p>



<p><strong>OSTROV RODINY z.s.</strong>: Zde působím jako lektor psychoterapeutického <a href="https://www.ostrovrodiny.cz/education/training">výcviku Vážka</a>, ten připravuje psychoterapeuty na práci s klienty v Modelu růstu podle V. Satirové.</p>



<p><strong>SOULMIO:</strong>&nbsp;V <a href="https://www.soulmio.com/">Soulmio s.r.o.</a> pracuji jako psychoterapeut, od roku 2020 až dosud, se zaměřením na podporu psychické pohody zaměstnanců firem, které investují do zdraví svých zaměstnanců k udržení zdravého well-beingu.</p>



<p><strong>Hnízdo zdraví s.r.o.:</strong>&nbsp;V tomto zdravotnickém zařízení jsem pracoval v letech 2015 až 2023. Na začátku roku 2024 přešlo Hnízdo zdraví pod síť psychosomatických pracovišť Tulsia clinic.</p>



<p><strong>AMOS – KamPoMaturite.cz, s.r.o.:  </strong>Dukelských hrdinů 21, Praha 7, je vzdělávací a poradenská agentura, připravující studenty ke studiu na vysokých školách. Zde v letech 2015 až 2025 jsem vyučoval studenty se zájmem o psychologii, a připravoval je na VŠ přijímací zkoušky.</p>



<p></p>



<p></p>



<p>VZDĚLÁNÍ</p>



<ul class="wp-block-list">
<li><strong>Sociální práce se zaměřením na komunikaci a aplikovanou psychoterapii&nbsp;</strong>&nbsp;(magisterské studium na&nbsp;<a href="http://www.pvsps.cz/">Pražské vysoké škole psychosociálních studií</a>)</li>



<li><strong>Biokybernetika</strong>&nbsp; (inženýrské studium na&nbsp;<a href="https://www.cvut.cz/">ČVUT Praha</a>)</li>
</ul>



<p>DALŠÍ ODBORNÁ PRŮPRAVA</p>



<ul class="wp-block-list">
<li>Sebezkušenostní skupinově komunitní výcvik v PVŠPS (543 hodin)</li>



<li>Výcvik v Transformační systemické terapii podle V. Satirové (740 hodin)</li>



<li>Výcvik v psychodynamické psychoterapii (780 hodin)</li>



<li>Výcvik v integrativní rodinné a párové terapii (290 hodin)</li>



<li>Výcviku dětského poradenství v institutu INDEPT (600 hodin)</li>



<li>Koučovací výcvik podle standardu ICF (96 hodin)</li>



<li>Výcvik poradenských dovedností v PVŠPS (50 hodin)</li>



<li>Krizová intervence v PVŠPS (64 hodin)</li>



<li>Daseinsanalytický výklad snů</li>



<li>Nový model léčby šikany (64 hodin, Dr. M. Kolář)</li>



<li>Daseinanalýza v psychoterapii a poradenství</li>



<li>Technika řeči a výrazová hlediska mluveného projevu (MgA. M. Vydrová)</li>



<li>Základy existenciální analýzy, logoterapie a logodiagnostiky</li>



<li>Lege artis postupy v&nbsp;komunitní a skupinové psychoterapii</li>



<li>Relaxace a autogenní trénink</li>



<li>Rekonstrukce rodiny podle V.Satirové</li>
</ul>



<p>SUPERVIZE</p>



<ul class="wp-block-list">
<li>pravidelná supervize individuální práce s&nbsp;klienty u PhDr. Jiřího Broži a balintovská skupina v Tulsia clinic</li>



<li>pravidelná supervize pro rodinnou a párovou terapie u Mgr. Zdeňka Macka</li>



<li>pravidelná supervize pro dětské poradenství a psychoterapii Mgr. Dariny Fialové</li>
</ul>

<p>Rodinný, párový a individuální psychoterapeut a lektor. Pracuji jako psychoterapeut&nbsp;v individuální, párové a rodinné terapie. Věnuji se otázkám zkvalitnění života v rodině, otázkám dětského života a podstatný podíl v mém profesním zaměření&nbsp;je psychosomatická tématika.&nbsp;Psychoterapii se věnuji v soukromé praxi a ve zdravotním zařízení Tulsia clinic. Terapeutickou činnost doplňuje koučink osobních, profesních a firemních témat a [&hellip;]</p>
